3 + 6.
-31
What is the value of 111 - ((31 - 4) + -18 + -9 + 15)?
96
Calculate 5 + 0 - 1 - 10 - (-5 + -35 + -39).
73
What is -25 - (-19 - (-14 + 38))?
18
Calculate 26 - (-19 + (8 - -24) + -27).
40
Calculate -16 + -1 + 126 + -2 + -94 + (0 - -40).
53
Calculate (-27 - 34 - -24) + 6 + 48.
17
(-28 - 3) + 3 - (351 + -309)
-70
84 - (-80 - (106 - 159))
111
Evaluate 14 + 4 + (-15 - (-7 + 11 + 94 + -5)).
-90
What is 19 + 12 + -17 + 7?
21
Evaluate (3 - 25) + 3 + (34 - (48 + -19)).
-14
What is the value of (22 - (-24 + (-4 - -25))) + 16?
41
What is the value of 2 + 39 + (-203 - -175)?
13
45 - (3 - -5 - -16)
21
(5 - -59) + (-4 - (21 + -26 + -8))
73
What is -2 + -27 + 19 + 26 - 60?
-44
What is -33 + 23 + (67 - 63) + (1 - -12)?
7
What is -69 - ((-103 - -135) + -111)?
10
Calculate -3 + 125 - ((68 - 76) + (-6 - -29)).
107
Evaluate -15 + (-165 - -78) + (-1 - 18) - (-9 - -3).
-115
(27 - -2) + 6 + -80
-45
Evaluate 9 + (-82 - (80 - 229)).
76
1 + -2 - (-11 + 3) - 12 - -15
10
-8 + (7 - 6 - 12) + -3 + 11 + 14
3
-5471 + 5463 + -2 + 2 + -1
-9
Evaluate 7 - (-31 - (-22 + -18)) - 3.
-5
What is the value of -1 + 12 + -118 + 73 - -12?
-22
What is 0 + -1 - -20 - (1 - -7) - 12?
-1
Calculate (0 + (-3 - -2) - -12) + (53 - 40).
24
What is (1 - -15) + (-402 + 407 - (-4 + 2 + -2))?
25
Calculate (83 + 2 - 171) + -1.
-87
What is the value of 38 + -124 + (19 - 10)?
-77
Evaluate -25 + (33 - -26 - -1).
35
Calculate -31 - (6 + -5 + (-102 - -79)).
-9
What is the value of -13 + 78 + 14 + -9 + 5 + -7?
68
-2 + 0 + 20 - -1 - (14696 - 14787)
110
Evaluate -11 + (-27 - -5) + 0 + (6 - -13).
-14
What is the value of (30 - (-15 + 63)) + (48 - -3)?
33
What is the value of -10 - (-10 + 9) - -7 - (-11 + (-15 - 76))?
100
What is the value of 2 - 21 - (50 - -30 - 158)?
59
What is 14 + -20 - (-250 - -193)?
51
What is the value of -11 - -4 - 11 - (-208 + 254)?
-64
-60 + (67 + -21 - 19) + -26
-59
What is -35 - (70 + -45) - (6 - 1)?
-65
Calculate -8 - (-100 + 155 - -69).
-132
-107 + -1 + (620 - 565)
-53
What is the value of (-43 - -105 - 51) + 1?
12
Evaluate 26 + -27 + 25 + -9 + -5 + 1.
11
Evaluate (5 + (-3 - (-2 + 2)) - 16) + 11 + -28.
-31
What is -25 - -8 - -7 - -22 - (63 + -6)?
-45
Evaluate 22 + (11 - 79) + 22.
-24
What is -2 + (5 - (63 + -33 + -10))?
-17
What is the value of 2 + ((3 - 2) + -19 - (27 + -61 - -29))?
-11
What is (94 - -7) + (137 - 217)?
21
Calculate (0 - 1 - 32) + (538 - 540) + (18 - 11).
-28
Evaluate ((43 - 21) + -7 - 7) + 39.
47
Calculate -149 + 115 - (-87 + 37).
16
(-1 - 3) + (248 - 265) - 34
-55
-86 - -11 - (-225 - -89)
61
Evaluate -213 + (-372 - -626) - (2 - (11 + (0 - 1))).
49
-38 - -98 - 49 - 25
-14
Evaluate -82 + 84 - (19 + -30) - (-23 - -1).
35
Calculate (2 - (10 + -1)) + (-1345 - -1391) - (1 - -3).
35
What is -56 + -33 - -27 - -11 - (0 + 6 - -4)?
-61
Calculate 24 - ((3 - 3) + (45 - 11)).
-10
808 + -918 + (62 - -2)
-46
20 + -3 + (18 - -7 - 40) + 0 + 10
12
What is the value of 42 + 3 + 2 + (528 - 501)?
74
What is 0 + (-3 - (28 + -28 + (23 - 2))) + -10?
-34
What is (-42 - (11 + -8)) + (-3 + 1 - (-5 - 1))?
-41
-3 - -1 - 1 - (9 + 81 - 203)
110
What is the value of 615 + -618 + (-34 - 8 - -4)?
-41
Evaluate 34 - -1 - (-2 + 31 + (5 - 41)).
42
Evaluate 86 - (54 - (33 - -5)).
70
What is the value of (2 - (-4 - -2)) + -17 - (22 - (-14 + 7))?
-42
What is the value of -14 - (6 + -3 + 3 + (114 - 171))?
37
What is -79 + 48 + -52 + 186?
103
Evaluate -3 - 84 - ((-2 - -11) + (-9 - -34 - 20)).
-101
Evaluate -6 + 37 - (33 - (50 - -11)).
59
-81 + (7 - -7 - (-14 - -30 - 20))
-63
-3 - (-22 - -102) - (11 - 38 - -12)
-68
What is -29 - -8 - (-19 + 2 + -43)?
39
Calculate (50 - 0) + 44 + 12 + -86 + 15.
35
Evaluate -36 + -18 + (5 - -31) + 12 + -2.
-8
Evaluate 19 - 71 - (-15 + -7 - -15).
-45
Evaluate (517 - 540) + 35 + -4.
8
What is 51 + -48 + (94 - 149)?
-52
What is the value of (-88 - -52) + -5 + (14 - (7 + -4))?
-30
What is the value of (-306 - -135 - -184) + (-63 - (0 + 2))?
-52
Calculate 38 + (20 - -19 - 60).
17
Calculate -56 + 87 - (0 + (-1 - 2) + (-4 - 0)).
38
Calculate (-36 + 79 - 2) + -116.
-75
Evaluate -118 - ((-22 - 65) + 51).
-82
Calculate -1 + (95 - 88 - 53).
-47
Evaluate (-3 - 1) + 2 + (3 - 13 - 1).
-13
Evaluate -6 + -26 + 36 + 50 - (-3 + 16).
41
(-33 + 75 + 44 - (22 - 1)) + -5
60
Evaluate -10 + 164 - (38 - (46 - 47)).
115
Calculate 85 - 58 - (31 - 20).
16
What is (-5 - (-57 - -3)) + 55 + (-116 - -57)?
45
Evaluate 123 - 9 - (107 - -26).
-19
What is the value of -40 + 0 + (4 - (1 - 3)) + 171 + -167?
-30
What is the value of (13 - 11) + 1 + 5 + 1 + -12?
-3
Calculate 63 - (-85 - -128) - 7.
13
Calculate -31 - -87 - (36 - 34 - (-2 - -2 - 2)).
52
(-85 - (55 + -207)) + (1 - 1) + 1
68
-38 + -7 - -35 - (-89 + 9 + -4 + -9)
83
(7 - 22 - -15) + (-78 - -17)
-61
Evaluate 0 + 5 + -5934 + 5958.
29
1183 + -1101 + -38 + 0
44
Calculate 22 + -22 + (6 - -19) + -6 - -104.
123
What is -1 + 26 + (139 - 222) + 39?
-19
(354 - 357 - (-2 - 1)) + -1 + -9 + 9
-1
Calculate (-6 + 2 + 3 - (-2 + -1)) + -5 - 47.
-50
What is 11 + -1 - (21 + -23 + 1 + 18 - 74)?
67
-25 + (-11 + 5 - -3) - (-22 - (8 + -21))
-19
-23 - ((36 - 21 - -5) + -6 + -79)
42
Calculate -10 + (-20 - -1 - (-470 + 475)).
-34
(-180 - -183 - -37) + (26 - 1)
65
-4 - 8 - (72 - 19)
-65
Evaluate -14 - -25 - 4 - (-12 + 10) - 36.
-27
What is the value of 62 + -37 + (30 - -7) - -27?
89
Evaluate (-84 - (31 + -119)) + -24 + 2.
-18
What is the value of -66 + 41 + (-501 - -491)?
-35
(-12 - 0) + (12 - 13) + -4 + 61
44
What is 2 + -20 - (-90 - -91)?
-19
Calculate -35 + 16 + 13 + -49 + -27.
-82
Calculate -125 + (-69 - -79 - -96).
-19
What is the value of (-41 - -26) + (1 - 2) + 18 + (3 - 2)?
3
What is (-11 - -83) + -11 - (17 - 13 - -7)?
50
Calculate 8 + 8 + (-72 - 20) + -3 + 7.
-72
((24 - 1) + -27 - 6) + 0 + -1
-11
Evaluate 3 - ((11 - -10) + 8 + 6 + -8 - 5).
-19
What is 10 + -24 + 2 - -25 - (7 - (-7 - -5))?
4
What is -60 + 66 + 69 + 29?
104
What is (40 - (0 - (-52 - -19))) + (-1 - 4)?
2
Evaluate (49 + -39 - 13) + -55.
-58
Calculate 3 - (-22 + -4) - (459 + -442).
12
What is -63 + -122 + 114 - (2 - 19)?
-54
Calculate 74 - (10 + -17 - (33 - 80)).
34
-2 + -31 - (9 + 31 + -32 - (1 - -2))
-38
Evaluate -27 + (-90 + 120 - (0 + 11)).
-8
Calculate 13 - (9 + -29 + 4 + 8 + -12).
33
Calculate 20 - (-2 - (-31 + 13) - 11).
15
What is -21 - (-2 + 0) - ((-55 - -62) + -125)?
99
Evaluate -178 - -245 - (90 + -20).
-3
Calculate -6 + 9 + (148 - 190).
-39
What is the value of (-1 - 3 - (-314 + 301)) + 0 + 0 + 49?
58
What is 9 + -51 + (1 - -2 - 2 - (-713 - -719))?
-47
Evaluate (-52 - (-82 + 44)) + -31 + 1.
-44
Evaluate -47 + -2 + 34 + 19.
4
Calculate -56 - (-19 - 79) - 86.
-44
Evaluate 105 + -74 + (52 - 5).
78
25 + -19 + (66 - -32) - 31
73
What is the value of -140 + (-25 - -108) - -149?
92
Evaluate 3 + (-6 - (-16 + (119 - 23))) - (-1 - -2).
-84
Calculate -15 - (0 + 4 + -11 + -6) - 12.
-14
Calculate (-83 - (-1 + 3)) + -446 + 457.
-74
What is the value of 1 + (-12 - -9) + (-1 - 20)?
-23
What is the value of 18 - (-13 + (28 + -15 - -13))?
5
Evaluate (0 - 89) + -4 + (17 - (29 - 29)).
-76
What is the value of 2 + (-6 - -5) + -5 - (-23 + 20 + 31)?
-32
What is the value of 11 + (23 + -2 - 25) - 31?
-24
Evaluate (-3 - -86 - (15 + -18)) + -6 + -9.
71
What is -7 - (23 + -40 - 9)?
19
What is -9 + -11 - (-76 + -54)?
110
What is the value of 45 - ((-17 + 42 - 29) + 2)?
47
Evaluate -60 - (0 + -31 + -56).
27
What is the value of -9026 - -9015 - (0 + -25)?
14
Calculate 28 + (-12 - ((-16 - -4) + (1 - 9))).
36
What is 7 + 3 + (256 - 251) + 4 + 1?
20
Calculate (7 - (12 - -10 - 15)) + (-10 - -39).
29
What is -16797 - -16833 - (-14 - 0)?
50
(35 - -13) + -127 + 133 + -21 + 2
35
-4 - 2 - (-28 + -121 + 175)
-32
What is (-1474 - -1487) + (106 - -1)?
120
Evaluate -16 - ((-7 - -14) + -32) - 6.
3
What is the value of (-40 - 0) + (-9 - (0 - 27) - (149 - 136))?
-35
What is the value of -4674 + 4683 - (0 - -1 - (-22 + -2))?
-16
81 + -39 - 107 - (-11 + 4 - -3)
-61
Calculate (9 - (26 + 7) - -11) + (-72 - 2).
-87
What is the value of (1 - 39 - (-4 + 2 + 1)) + -25931 + 25931?
-37
(46 - (3 + 6)) + -9 - (-17 - -23)
22
Calculate (-2 - -24 - (626 + -664)) + (-2 - -9).
67
Calculate 93 + -45 + (6 - (-25 - -9)).
70
4 + 3 + -16 - (-1 + -11 + 8)
-5
(-18 - 13 - (28 + -45)) + 104
90
Calculate 12 + (9 + -62 - 17) - -15.
-43
-2 + 24 + (3 - -4)
2